{"id":4270,"date":"2016-09-29T14:21:56","date_gmt":"2016-09-29T14:21:56","guid":{"rendered":"https:\/\/magictv.cl\/?page_id=4270"},"modified":"2020-04-14T16:52:51","modified_gmt":"2020-04-14T16:52:51","slug":"preguntas-frecuentes","status":"publish","type":"page","link":"https:\/\/magictv.cl\/?page_id=4270","title":{"rendered":"Preguntas Frecuentes"},"content":{"rendered":"<p>[et_pb_section admin_label=\u00bbsection\u00bb transparent_background=\u00bbon\u00bb background_color=\u00bb#ffffff\u00bb allow_player_pause=\u00bboff\u00bb inner_shadow=\u00bboff\u00bb parallax=\u00bboff\u00bb parallax_method=\u00bboff\u00bb padding_mobile=\u00bboff\u00bb make_fullwidth=\u00bboff\u00bb use_custom_width=\u00bboff\u00bb width_unit=\u00bbon\u00bb make_equal=\u00bboff\u00bb use_custom_gutter=\u00bboff\u00bb][et_pb_row admin_label=\u00bbRow\u00bb][et_pb_column type=\u00bb4_4&#8243;][et_pb_text admin_label=\u00bbText FAQ\u00bb background_layout=\u00bbdark\u00bb text_orientation=\u00bbleft\u00bb use_border_color=\u00bboff\u00bb border_color=\u00bb#ffffff\u00bb border_style=\u00bbsolid\u00bb header_font=\u00bb|on|||\u00bb]<\/p>\n<h1>PREGUNTAS FRECUENTES<\/h1>\n<p>[\/et_pb_text][\/et_pb_column][\/et_pb_row][et_pb_row admin_label=\u00bbRow\u00bb][et_pb_column type=\u00bb4_4&#8243;][et_pb_tabs admin_label=\u00bbPreguntas y respuestas\u00bb use_border_color=\u00bboff\u00bb border_color=\u00bb#ffffff\u00bb border_style=\u00bbsolid\u00bb tab_text_color=\u00bb#ffffff\u00bb body_text_color=\u00bb#ffffff\u00bb active_tab_background_color=\u00bb#3c601b\u00bb inactive_tab_background_color=\u00bbrgba(69,137,193,0.91)\u00bb background_color=\u00bb#3c601b\u00bb tab_font_size=\u00bb15&#8243; body_font_size=\u00bb16&#8243; tab_font=\u00bb|on|||\u00bb tab_line_height=\u00bb1.4em\u00bb]<\/p>\n<p>[et_pb_tab title=\u00bbAcerca del sistema\u00bb tab_font_select=\u00bbdefault\u00bb tab_font=\u00bb||||\u00bb tab_line_height=\u00bb2em\u00bb tab_line_height_tablet=\u00bb2em\u00bb tab_line_height_phone=\u00bb2em\u00bb body_font_select=\u00bbdefault\u00bb body_font=\u00bb||||\u00bb body_line_height=\u00bb2em\u00bb body_line_height_tablet=\u00bb2em\u00bb body_line_height_phone=\u00bb2em\u00bb]<\/p>\n<h4><strong>\u00bfCu\u00e1l es la diferencia entre decodificador, STB o receptor?<\/strong><\/h4>\n<ul>\n<li>Son diferentes nombres que se le dan a un equipo electr\u00f3nico que en su entrada recibe se\u00f1al ya sea satelital, terrestre, cable o IP, &nbsp;y en su salida entrega audio y video.<\/li>\n<\/ul>\n<h4><strong><span class=\"_Tgc\">\u00bf<\/span>En qu\u00e9 lugares se recibe la se\u00f1al satelital?<\/strong><\/h4>\n<ul>\n<li>En cualquier lugar de Chile continental de Arica a Punta Arenas.<\/li>\n<li>Solo tiene que tener despejado hacia el Norte.<\/li>\n<\/ul>\n<h4><strong>\u00bfC\u00f3mo recibo estas se\u00f1ales?<\/strong><\/h4>\n<ul>\n<li>El Kit de MagicTV consta de un decodificador y una antena<\/li>\n<li>El decodificador es el equipo que recibe las se\u00f1ales codificadas del sat\u00e9lite y las muestra en su televisor<\/li>\n<\/ul>\n<h4><strong>\u00bfSirve cualquier decodificador para ver las se\u00f1ales HD que est\u00e1n en el sat\u00e9lite?<\/strong><\/h4>\n<ul>\n<li>No, no sirve cualquier decodificador satelital<\/li>\n<\/ul>\n<h4><strong>\u00bfPor cuanto tiempo me servir\u00e1 el decodificador?<\/strong><\/h4>\n<ul>\n<li>Las se\u00f1ales estar\u00e1n disponibles en el sat\u00e9lite para siempre salvo bajas de alguno de estos por problemas con el administrador de la plataforma satelital.<\/li>\n<\/ul>\n<h4><strong>\u00bfLo que vendemos es un Kit \u00fanico para todo Chile?<\/strong><\/h4>\n<ul>\n<li>No, existen 3 Kits distintos<\/li>\n<li>Cambia el tama\u00f1o de la antena seg\u00fan la localidad. El decodificador y accesorios son los mismos<\/li>\n<li>La antena de 60 cm es para la zona entre Arica a Temuco, la de 75 de Temuco a Chilo\u00e9 y 90 cm de Chilo\u00e9 al sur<\/li>\n<\/ul>\n<h4><strong>\u00bfCuales son las caracter\u00edsticas t\u00e9cnicas del decodificador?<\/strong><\/h4>\n<ul>\n<li>Las caracter\u00edsticas t\u00e9cnicas principales son las siguientes:\n<ul>\n<li>Demodulador DVB-S y DVB-S2. 2 a 45 Mbauds<\/li>\n<li>Decoder Video MPEG-2, H.264, MPEG-4, HEVC. 480i, 480p, 720p, 1080i, 1080p. 4:3 , 16:9<\/li>\n<li>Decoder audio MPEG1 Layer 1&amp;2, MPEG4 AAC ( HE-AAC). 32 KHz, 44.1 KHz, 48 KHz<\/li>\n<\/ul>\n<\/li>\n<\/ul>\n<p>[\/et_pb_tab][et_pb_tab title=\u00bbVenta\u00bb tab_font_select=\u00bbdefault\u00bb tab_font=\u00bb||||\u00bb tab_line_height=\u00bb2em\u00bb tab_line_height_tablet=\u00bb2em\u00bb tab_line_height_phone=\u00bb2em\u00bb body_font_select=\u00bbdefault\u00bb body_font=\u00bb||||\u00bb body_line_height=\u00bb2em\u00bb body_line_height_tablet=\u00bb2em\u00bb body_line_height_phone=\u00bb2em\u00bb]<\/p>\n<h4><strong>\u00bfC\u00f3mo se comercializan los decodificadores?<\/strong><\/h4>\n<ul>\n<li>Los decodificadores se comercializan s\u00f3lo como kit<\/li>\n<li>Es decir, se vende el decodificador y antena con todos accesorios, de manera completa y no en partes<\/li>\n<\/ul>\n<h4><strong>\u00bfDonde lo puedo comprar?<\/strong><\/h4>\n<ul>\n<li>En cualquiera de nuestras <a href=\"https:\/\/magictv.cl\/?page_id=4096\">tiendas adheridas<\/a> o a trav\u00e9s de este sitio web<\/li>\n<\/ul>\n<h4><strong>\u00bfCuales son los medios de pago por compras a trav\u00e9s del sitio web?<\/strong><\/h4>\n<ul>\n<li>Al procesar un carro de compras, se elige cual opci\u00f3n de pago desea<\/li>\n<li>Se puede pagar con transferencia, dep\u00f3sito, contra entrega o Webpay<\/li>\n<li>Las instrucciones de cada uno se indican en la selecci\u00f3n del medio de pago durante la compra y en el correo electr\u00f3nico que se env\u00eda autom\u00e1ticamente despu\u00e9s de finalizado el proceso<\/li>\n<\/ul>\n<h4><strong>\u00bfHay alguna condici\u00f3n especial para las compras a trav\u00e9s de la p\u00e1gina web?<\/strong><\/h4>\n<ul>\n<li>Si, para las compras efectuadas por internet, no proceder\u00e1 el derecho a retracto, esto es, el cliente no podr\u00e1 poner t\u00e9rmino unilateral al contrato celebrado.<\/li>\n<\/ul>\n<h4><strong>\u00bfVenden los decodificadores sin la antena?<\/strong><\/h4>\n<ul>\n<li>Si!<\/li>\n<li>Se necesita un decodificador por cada televisor, por eso vendemos decodificadores sin antena, para conectar una segunda televisi\u00f3n. Este kit incluye un cable de 25 metros para que puedas conectarlo a otro decodificador MagicTV.<\/li>\n<\/ul>\n<p>[\/et_pb_tab][et_pb_tab title=\u00bbCanales y HD\u00bb tab_font_select=\u00bbdefault\u00bb tab_font=\u00bb||||\u00bb tab_line_height=\u00bb2em\u00bb tab_line_height_tablet=\u00bb2em\u00bb tab_line_height_phone=\u00bb2em\u00bb body_font_select=\u00bbdefault\u00bb body_font=\u00bb||||\u00bb body_line_height=\u00bb2em\u00bb body_line_height_tablet=\u00bb2em\u00bb body_line_height_phone=\u00bb2em\u00bb]<\/p>\n<h4><strong>\u00bfCuantos canales gratuitos y cuantos de pago est\u00e1n disponibles?<\/strong><\/h4>\n<ul>\n<li>En este momento puede gratis ver los canales de&nbsp;TV&nbsp;abierta que son Canal 13, Chilevisi\u00f3n, Mega, Telecanal, TVN, Canal de Diputados y Canal del Senado.<\/li>\n<li>La Ley de&nbsp;TV&nbsp;Digital establece que todos los canales de&nbsp;TV&nbsp;abierta debe transmitir al menos 2 se\u00f1ales, lo que aumentar\u00e1 la cantidad de se\u00f1ales de libre recepci\u00f3n muy pronto.<\/li>\n<li>Por ahora no hay canales de pago, pero no se descarta esto a futuro.<\/li>\n<\/ul>\n<h4><strong>\u00bfLa se\u00f1al recibida es HD?<\/strong><\/h4>\n<ul>\n<li>No todos los canales indicados transmiten necesariamente ahora en HD, pero lo deben hacer en el corto plazo<\/li>\n<li>Dentro de muy poco todos los canales indicados deben transmitir 2 programas y al menos uno en HD.<\/li>\n<\/ul>\n<h4><strong>\u00bfPuedo ver en varios televisores?<\/strong><\/h4>\n<ul>\n<li>Si. Para eso tenemos a la venta un kit de decodificador que no incluye antena para este fin.<\/li>\n<\/ul>\n<p>[\/et_pb_tab][et_pb_tab title=\u00bbInstalaci\u00f3n\u00bb tab_font_select=\u00bbdefault\u00bb tab_font=\u00bb||||\u00bb tab_line_height=\u00bb2em\u00bb tab_line_height_tablet=\u00bb2em\u00bb tab_line_height_phone=\u00bb2em\u00bb body_font_select=\u00bbdefault\u00bb body_font=\u00bb||||\u00bb body_line_height=\u00bb2em\u00bb body_line_height_tablet=\u00bb2em\u00bb body_line_height_phone=\u00bb2em\u00bb]<\/p>\n<h4><strong>\u00bfQui\u00e9n lo instala?<\/strong><\/h4>\n<ul>\n<li>Este kit est\u00e1 dise\u00f1ado para que lo instale el propietario.<\/li>\n<li>En la caja y en manual adjunto est\u00e1n las instrucciones para la instalaci\u00f3n<\/li>\n<li>Si no desea instalarlo, cont\u00e1ctese con la empresa <a href=\"http:\/\/www.gatel.cl\/telecomunicaciones\/\">Gatel<\/a>, que cuenta con instaladores certificados por MagicTV<\/li>\n<li>Tambi\u00e9n puede llamar al Call Center al 2 2333 4428 de Lunes a Viernes de 9:00 a 18:00 hrs y coordinar que lo contacten dependiendo donde viva<\/li>\n<\/ul>\n<h4><strong>\u00bfEs f\u00e1cil instalar?<\/strong><\/h4>\n<ul>\n<li>Si, muy f\u00e1cil.<\/li>\n<li>B\u00e1sicamente arme la antena y ap\u00fantela hacia el Norte en el \u00e1ngulo indicado en la caja.<\/li>\n<li>Encienda el receptor y busque la posici\u00f3n fina del sat\u00e9lite mirando un indicador en la pantalla y escuchando un sonido.<\/li>\n<\/ul>\n<h4><strong>\u00bfCon qu\u00e9 televisores sirve?<\/strong><\/h4>\n<ul>\n<li>Con todos, ya sean LCD, LED o Plasma hasta los antiguos televisores an\u00e1logos<\/li>\n<li>El kit incluye un cable RCA para televisores an\u00e1logos y un cable HDMI para los televisores con entrada digital.<\/li>\n<\/ul>\n<h4><strong><span class=\"_Tgc\">\u00bf<\/span>Puedo ver en varios televisores?<\/strong><\/h4>\n<ul>\n<li>Pr\u00f3ximamente estar\u00e1 a la venta un kit que permitir\u00e1 ver en mas de un televisor.<\/li>\n<\/ul>\n<h4><strong>\u00bfNecesito una antena externa?<\/strong><\/h4>\n<ul>\n<li>La antena satelital viene incluida en el kit.<\/li>\n<li>Le bastar\u00e1 solo con una antena, incluso para el caso que a futuro instale mas receptores.<\/li>\n<\/ul>\n<p>[\/et_pb_tab][et_pb_tab title=\u00bbJuegos y aplicaciones\u00bb tab_font_select=\u00bbdefault\u00bb tab_font=\u00bb||||\u00bb tab_line_height=\u00bb2em\u00bb tab_line_height_tablet=\u00bb2em\u00bb tab_line_height_phone=\u00bb2em\u00bb body_font_select=\u00bbdefault\u00bb body_font=\u00bb||||\u00bb body_line_height=\u00bb2em\u00bb body_line_height_tablet=\u00bb2em\u00bb body_line_height_phone=\u00bb2em\u00bb body_text_color=\u00bb#ffffff\u00bb]<\/p>\n<h4><strong>\u00bfSe incluir\u00e1n nuevas aplicaciones o canales por internet?<\/strong><\/h4>\n<ul>\n<li>Est\u00e1 previsto. Se har\u00e1n de forma autom\u00e1tica y no tendr\u00e1n costo para el usuario.<\/li>\n<\/ul>\n<h4><strong>\u00bfTiene juegos?<\/strong><\/h4>\n<ul>\n<li>Se incluyen 3.<\/li>\n<\/ul>\n<h4><strong>\u00bfTiene reloj?<\/strong><\/h4>\n<ul>\n<li>Si, en el panel frontal del equipo<\/li>\n<li>La hora se obtiene de sat\u00e9lite, por lo que cambia autom\u00e1ticamente<\/li>\n<\/ul>\n<h4><strong>\u00bfPuedo grabar y ver despu\u00e9s?<\/strong><\/h4>\n<ul>\n<li>Si, el decodificador tiene la opci\u00f3n de PVR (Personal Video Recorder)<\/li>\n<li>Solo necesita un Pendrive clase 4 o superior, o disco duro USB, y formatearlo en FAT32<\/li>\n<\/ul>\n<h4><strong>\u00bfPuedo ver videos que tengo grabados en un Pendrive o en un disco USB externo?<\/strong><\/h4>\n<ul>\n<li>Si. Acepta formatos AVI, ASF, ASX.DIVX, FLV, MKV, MP4, MOV, MPG, TS, VOB, WMA,WMV.<\/li>\n<\/ul>\n<h4><strong>\u00bfPuedo escuchar m\u00fasica que tengo grabada en un Pendrive?<\/strong><\/h4>\n<ul>\n<li>Si, si puede<\/li>\n<li>Los formatos son AAC, Dolby AC3, Dolby Digital Plus, DTS, MP3 y PCM<\/li>\n<\/ul>\n<h4><strong>\u00bfPuedo ver fotos que copi\u00e9 al Pendrive?<\/strong><\/h4>\n<ul>\n<li>Si, puede reproducir archivos con fotos de hasta 1 MB cada uno<\/li>\n<li>Los formatos son BMP, GIF, JPEG, PNG.<\/li>\n<li>Puede reproducirlas en forma secuencial o aleatoria y cambiar el tiempo de visualizaci\u00f3n<\/li>\n<\/ul>\n<h4><strong>\u00bfC\u00f3mo es la aplicaci\u00f3n de Facebook?<\/strong><\/h4>\n<ul>\n<li>Las aplicaciones dependen exclusivamente de las API, o interfaz de programaci\u00f3n de aplicaciones por sus siglas en ingl\u00e9s<\/li>\n<li>Estas API dependen directamente de los desarrolladores de la aplicaci\u00f3n es cuesti\u00f3n<\/li>\n<li>En el caso de Facebook, la API disponible permite ver solamente tu propia l\u00ednea de tiempo (Time-Line o TL en ingl\u00e9s) y no permite ver las entradas o actualizaciones de tus amigos<\/li>\n<li>Una vez Facebook libere una API para poder ver las l\u00edneas de tiempo de tus amigos, actualizaremos la aplicaci\u00f3n<\/li>\n<\/ul>\n<h4><strong>\u00bfC\u00f3mo es la aplicaci\u00f3n de Picassa?<\/strong><\/h4>\n<ul>\n<li>Las aplicaciones dependen exclusivamente de las API, o interfaz de programaci\u00f3n de aplicaciones por sus siglas en ingl\u00e9s<\/li>\n<li>Cuando est\u00e1bamos desarrollando el decodificador, el API de Picassa exist\u00eda y funcionaba sin problemas, permitiendo visualizar todas las fotos que ten\u00edas almacenadas en la web<\/li>\n<li>Cuando el decodificador pas\u00f3 a producci\u00f3n masiva, Google decidi\u00f3 eliminar el servicio de Picassa y cambiarlo por Google Photos<\/li>\n<li>A la fecha, no hay una API para Google Photos, por lo que no podemos desarrollar esta aplicaci\u00f3n en nuestro decodificador<\/li>\n<li>Las personas que tienen sus cuentas de Picassa activas, podr\u00e1s acceder a ellas a trav\u00e9s de la aplicaci\u00f3n de nuestro decodificador<\/li>\n<li>Las personas que no tienen cuentas Picassas, deben esperar a que Google libere la API respectiva<\/li>\n<li>Una vez liberada la API, desarrollaremos la versi\u00f3n para nuestro decodificador<\/li>\n<\/ul>\n<p>[\/et_pb_tab][et_pb_tab title=\u00bbAudio e Internet\u00bb tab_font_select=\u00bbdefault\u00bb tab_font=\u00bb||||\u00bb tab_line_height=\u00bb2em\u00bb tab_line_height_tablet=\u00bb2em\u00bb tab_line_height_phone=\u00bb2em\u00bb body_font_select=\u00bbdefault\u00bb body_font=\u00bb||||\u00bb body_line_height=\u00bb2em\u00bb body_line_height_tablet=\u00bb2em\u00bb body_line_height_phone=\u00bb2em\u00bb]<\/p>\n<h4><strong>\u00bfTiene Control Parental?<\/strong><\/h4>\n<ul>\n<li>Si, por edades.<\/li>\n<\/ul>\n<h4><strong>\u00bfTiene conexi\u00f3n a Internet ?<\/strong><\/h4>\n<ul>\n<li>Si, al\u00e1mbrica.<\/li>\n<li>En este momento tendr\u00e1 acceso a YouTube, Twitter, Facebook, Weather, Picasa, RSS y TVN.<\/li>\n<\/ul>\n<p>[\/et_pb_tab][et_pb_tab title=\u00bbGarant\u00eda\u00bb tab_font_select=\u00bbdefault\u00bb tab_font=\u00bb||||\u00bb tab_line_height=\u00bb2em\u00bb tab_line_height_tablet=\u00bb2em\u00bb tab_line_height_phone=\u00bb2em\u00bb body_font_select=\u00bbdefault\u00bb body_font=\u00bb||||\u00bb body_line_height=\u00bb2em\u00bb body_line_height_tablet=\u00bb2em\u00bb body_line_height_phone=\u00bb2em\u00bb]<\/p>\n<h4><strong>\u00bfEl decodificador tiene garant\u00eda?<\/strong><\/h4>\n<ul>\n<li>Si, 3 meses de garant\u00eda por fallas de fabricaci\u00f3n, desde la fecha de compra.<\/li>\n<li>Para ser efectiva la garant\u00eda, debe tener su boleta de compra o factura originales<\/li>\n<\/ul>\n<h4><strong>\u00bfLa antena tiene garant\u00eda?<\/strong><\/h4>\n<ul>\n<li>No, ya que la antena no tiene partes que puedan fallar no tienen garant\u00eda<\/li>\n<\/ul>\n<h4><strong>\u00bfCuales son las condiciones de la garant\u00eda?<\/strong><\/h4>\n<ul>\n<li>Para ver todos los detalles de la garant\u00eda, visite nuestra secci\u00f3n <a href=\"https:\/\/magictv.cl\/?page_id=4114\">Garant\u00eda <\/a><\/li>\n<\/ul>\n<p>[\/et_pb_tab]<\/p>\n<p>[\/et_pb_tabs][\/et_pb_column][\/et_pb_row][\/et_pb_section]<\/p>\n","protected":false},"excerpt":{"rendered":"<p>PREGUNTAS FRECUENTES \u00bfCu\u00e1l es la diferencia entre decodificador, STB o receptor? Son diferentes nombres que se le dan a un equipo electr\u00f3nico que en su entrada recibe se\u00f1al ya sea satelital, terrestre, cable o IP, &nbsp;y en su salida entrega audio y video. \u00bfEn qu\u00e9 lugares se recibe la se\u00f1al satelital? En cualquier lugar de [&hellip;]<\/p>\n","protected":false},"author":284,"featured_media":0,"parent":0,"menu_order":0,"comment_status":"closed","ping_status":"closed","template":"","meta":{"_et_pb_use_builder":"on","_et_pb_old_content":"<p>Esta es una p\u00e1gina de ejemplo. Es diferente a una entrada del blog, ya que se quedar\u00e1 en un lugar y se mostrar\u00e1 en la navegaci\u00f3n del sitio (en la mayor\u00eda de temas). La mayor\u00eda de personas empieza con una p\u00e1gina \"Acerca de\" que brinda informaci\u00f3n a los visitantes. Se podr\u00eda decir algo como esto:<\/p><blockquote><p>\u00a1Hola! Durante el d\u00eda soy un mensajero, un aspirante a actor por la noche, y este es mi blog. Vivo en Valpara\u00edso, tengo un enorme perro llamado Pocho, y me gustan las cervezas muy heladas. (Y caminar por la playa.)<\/p><\/blockquote><p>...o algo como esto:<\/p><blockquote><p>La compa\u00f1\u00eda XYZ, se fund\u00f3 en 1971, y ha estado desde entonces, proporcionando artilugios de calidad al p\u00fablico. Est\u00e1 situada en la ciudad de Concepci\u00f3n, Chile y emplea a m\u00e1s de 2,000 personas. Hace todo tipo de cosas sorprendentes para la comunidad penquista.<\/p><\/blockquote><p>Como nuevo usuario de WordPress, debes ir a <a href=\"https:\/\/magictv.cl\/wp-admin\/\">tu panel<\/a> para eliminar esta p\u00e1gina y crear nuevas para tu contenido. \u00a1Que te diviertas!<\/p>","_et_gb_content_width":"","footnotes":""},"_links":{"self":[{"href":"https:\/\/magictv.cl\/index.php?rest_route=\/wp\/v2\/pages\/4270"}],"collection":[{"href":"https:\/\/magictv.cl\/index.php?rest_route=\/wp\/v2\/pages"}],"about":[{"href":"https:\/\/magictv.cl\/index.php?rest_route=\/wp\/v2\/types\/page"}],"author":[{"embeddable":true,"href":"https:\/\/magictv.cl\/index.php?rest_route=\/wp\/v2\/users\/284"}],"replies":[{"embeddable":true,"href":"https:\/\/magictv.cl\/index.php?rest_route=%2Fwp%2Fv2%2Fcomments&post=4270"}],"version-history":[{"count":50,"href":"https:\/\/magictv.cl\/index.php?rest_route=\/wp\/v2\/pages\/4270\/revisions"}],"predecessor-version":[{"id":5648,"href":"https:\/\/magictv.cl\/index.php?rest_route=\/wp\/v2\/pages\/4270\/revisions\/5648"}],"wp:attachment":[{"href":"https:\/\/magictv.cl\/index.php?rest_route=%2Fwp%2Fv2%2Fmedia&parent=4270"}],"curies":[{"name":"wp","href":"https:\/\/api.w.org\/{rel}","templated":true}]}}